t is the units digit of 44188?
8
What is the tens digit of 2460?
6
What is the units digit of 101782?
2
What is the ten thousands digit of 14283?
1
What is the hundreds digit of 1408?
4
What is the tens digit of 1979?
7
What is the tens digit of 77?
7
What is the units digit of 2504?
4
What is the units digit of 4267?
7
What is the units digit of 638?
8
What is the units digit of 3049?
9
What is the tens digit of 144?
4
What is the thousands digit of 8102?
8
What is the hundreds digit of 8924?
9
What is the thousands digit of 6078?
6
What is the thousands digit of 3047?
3
What is the hundreds digit of 371?
3
What is the hundreds digit of 57589?
5
What is the units digit of 787?
7
What is the thousands digit of 9290?
9
What is the hundreds digit of 1143?
1
What is the tens digit of 414?
1
What is the hundreds digit of 441?
4
What is the tens digit of 6730?
3
What is the thousands digit of 1946?
1
What is the tens digit of 346?
4
What is the hundreds digit of 643?
6
What is the hundreds digit of 38811?
8
What is the hundreds digit of 11605?
6
What is the ten thousands digit of 80143?
8
What is the units digit of 6239?
9
What is the tens digit of 2801?
0
What is the units digit of 32?
2
What is the thousands digit of 1581?
1
What is the hundreds digit of 25794?
7
What is the tens digit of 4430?
3
What is the ten thousands digit of 32517?
3
What is the tens digit of 47555?
5
What is the units digit of 4563?
3
What is the hundreds digit of 19770?
7
What is the units digit of 153688?
8
What is the tens digit of 483?
8
What is the hundreds digit of 1084?
0
What is the units digit of 7128?
8
What is the tens digit of 45526?
2
What is the hundreds digit of 5988?
9
What is the hundreds digit of 6721?
7
What is the thousands digit of 1334?
1
What is the tens digit of 12156?
5
What is the tens digit of 87?
8
What is the hundreds digit of 54344?
3
What is the units digit of 8446?
6
What is the thousands digit of 2144?
2
What is the tens digit of 20338?
3
What is the units digit of 443?
3
What is the thousands digit of 3705?
3
What is the hundred thousands digit of 108290?
1
What is the hundreds digit of 11079?
0
What is the hundreds digit of 27439?
4
What is the tens digit of 63?
6
What is the units digit of 17078?
8
What is the hundreds digit of 5601?
6
What is the units digit of 32199?
9
What is the ten thousands digit of 55454?
5
What is the tens digit of 7865?
6
What is the units digit of 2203?
3
What is the thousands digit of 2980?
2
What is the tens digit of 783?
8
What is the thousands digit of 1609?
1
What is the hundreds digit of 21509?
5
What is the thousands digit of 1079?
1
What is the hundreds digit of 4334?
3
What is the thousands digit of 1000?
1
What is the tens digit of 270?
7
What is the hundreds digit of 3199?
1
What is the thousands digit of 4208?
4
What is the thousands digit of 17785?
7
What is the units digit of 6393?
3
What is the tens digit of 929?
2
What is the ten thousands digit of 67651?
6
What is the units digit of 19441?
1
What is the tens digit of 810?
1
What is the tens digit of 2063?
6
What is the tens digit of 3497?
9
What is the tens digit of 7168?
6
What is the ten thousands digit of 21063?
2
What is the hundreds digit of 10401?
4
What is the units digit of 160?
0
What is the units digit of 10451?
1
What is the units digit of 469?
9
What is the tens digit of 1929?
2
What is the thousands digit of 1077?
1
What is the tens digit of 37184?
8
What is the thousands digit of 7910?
7
What is the tens digit of 508?
0
What is the thousands digit of 11732?
1
What is the tens digit of 818?
1
What is the hundreds digit of 7299?
2
What is the hundreds digit of 107468?
4
What is the units digit of 3887?
7
What is the units digit of 7679?
9
What is the hundreds digit of 2451?
4
What is the thousands digit of 1189?
1
What is the tens digit of 254?
5
What is the hundreds digit of 60195?
1
What is the hundreds digit of 41045?
0
What is the hundreds digit of 1477?
4
What is the units digit of 713?
3
What is the units digit of 9118?
8
What is the thousands digit of 16742?
6
What is the ten thousands digit of 100019?
0
What is the thousands digit of 94480?
4
What is the hundreds digit of 118406?
4
What is the hundreds digit of 29007?
0
What is the tens digit of 745?
4
What is the hundreds digit of 632?
6
What is the units digit of 7780?
0
What is the tens digit of 3856?
5
What is the tens digit of 3565?
6
What is the hundreds digit of 7534?
5
What is the tens digit of 13123?
2
What is the ten thousands digit of 87327?
8
What is the ten thousands digit of 42534?
4
What is the tens digit of 373?
7
What is the units digit of 36946?
6
What is the tens digit of 11466?
6
What is the hundreds digit of 439?
4
What is the hundreds digit of 204671?
6
What is the units digit of 1769?
9
What is the units digit of 54575?
5
What is the thousands digit of 7031?
7
What is the units digit of 3127?
7
What is the hundreds digit of 4532?
5
What is the units digit of 5815?
5
What is the hundreds digit of 3493?
4
What is the ten thousands digit of 17650?
1
What is the hundreds digit of 5435?
4
What is the thousands digit of 80356?
0
What is the units digit of 2804?
4
What is the hundreds digit of 259?
2
What is the ten thousands digit of 16077?
1
What is the units digit of 33582?
2
What is the tens digit of 175921?
2
What is the units digit of 3455?
5
What is the units digit of 1257?
7
What is the tens digit of 41250?
5
What is the units digit of 1847?
7
What is the units digit of 3033?
3
What is the units digit of 1758?
8
What is the hundreds digit of 1329?
3
What is the units digit of 1383?
3
What is the hundreds digit of 2112?
1
What is the hundreds digit of 9668?
6
What is the hundreds digit of 46126?
1
What is the units digit of 20291?
1
What is the tens digit of 16586?
8
What is the ten thousands digit of 14053?
1
What is the thousands digit of 6361?
6
What is the tens digit of 98992?
9
What is the hundreds digit of 41399?
3
What is the units digit of 4876?
6
What is the hundreds digit of 551?
5
What is the thousands digit of 3523?
3
What is the units digit of 469?
9
What is the hundreds digit of 535?
5
What is the ten thousands digit of 37855?
3
What is the units digit of 149129?
9
What is the tens digit of 43806?
0
What is the ten thousands digit of 23422?
2
What is the hundreds digit of 10882?
8
What is the units digit of 14188?
8
What is the units digit of 952?
2
What is the units digit of 621?
1
What is the tens digit of 16?
1
What is the ten thousands digit of 36925?
3
What is the tens digit of 1824?
2
What is the hundreds digit of 8478?
4
What is the hundreds digit of 2211?
2
What is the hundreds digit of 2136?
1
What is the thousands digit of 3264?
3
What is the thousands digit of 3049?
3
What is the ten thousands digit of 75994?
7
What is the units digit of 4325?
5
What is the hundreds digit of 344?
3
What is the ten thousands digit of 33769?
3
What is the tens digit of 2932?
3
What is the hundreds digit of 3405?
4
What is the units digit of 3476?
6
What is the hundreds digit of 315?
3
What is the tens digit of 11289?
8
What is the hundreds digit of 792?
7
What is the hundreds digit of 5886?
8
What is the hundreds digit of 2010?
0
What is the thousands digit of 7645?
7
What is the units digit of 34347?
7
What is the units digit of 7373?
3
What is the tens digit of 602?
0
What is the units digit of 124777?
7
What is the thousands digit of 16970?
6
What is the units digit of 20182?
2
What is the hundreds digit of 300?
3
What is the tens digit of 8499?
9
What is the tens digit of 76041?
4
What is the units digit of 42348?
8
What is the units digit of 77891?
1
What is the units digit of 5481?
1
What is the units digit of 8301?
1
What is the ten thousands digit of 80383?
8
What is the tens digit of 53070?
7
What is the units digit of 962?
2
What is the hundreds digit of 601?
6
What is the thousands digit of 3695?
3
What is the units digit of 61748?
8
What is the units digit of 829?
9
What is the tens digit of 586?
8
What is the thousands digit of 9289?
9
What is the units digit of 29502?
2
What is the tens digit of 28?
2
What is the thousands digit of 2002?
2
What is the units digit of 38204?
4
What is the units digit of 8276?
6
What is the tens d